5, 59
Let l = 80 - 78. Suppose 0*o + 16 = 3*w + l*o, -16 = 2*w - 4*o. Suppose w*n - n = 159. List the prime factors of n.
3, 53
Let z(s) = 2394*s + 231. List the prime factors of z(3).
3, 7, 353
Suppose -5*a - 18664 = 2*t - 147073, -2*a = -3*t - 51375. List the prime factors of a.
3, 7, 1223
What are the prime factors of (0 - (4 - -12))/((-2)/1119)?
2, 3, 373
Let t = -20576 - -30583. What are the prime factors of t?
10007
Let g(i) = 13397*i - 832. List the prime factors of g(4).
2, 11, 109
Suppose -3*x - 4*f + 23160 + 42566 = 0, f = 4*x - 87622. What are the prime factors of x?
2, 3, 1217
Let q(f) = 91*f + 55. Let s(n) = -n. Let c(a) = -q(a) - 2*s(a). Let t be c(-4). Suppose 4*m + 2*y = 5*y + t, -2*m + 2*y + 152 = 0. List the prime factors of m.
73
Let c(v) = -148*v + 23. Let j be c(-5). Let k = j - 307. List the prime factors of k.
2, 3, 19
Suppose -14*i = -27427 - 55131. List the prime factors of i.
5897
Let v(q) = -q**2 + 4*q + 1. Let i be v(2). Suppose -2*b + 7*b = -i*k + 375, 2*b - 8 = 0. What are the prime factors of (k/3)/(-2 - 28/(-12))?
71
Let a be 4/((-12)/249)*-1. What are the prime factors of a - 15 - (1 + 0)?
67
Suppose -7*q + 138 = 39*q. Let i(p) = p**2 + 1. Let m(c) = 17*c**2 + 4*c + 7. Let h(z) = -6*i(z) + m(z). What are the prime factors of h(q)?
2, 7
Let l be 0/(-6*2/(-6)). Let x(t) = l + 50*t**2 - 6*t - 23*t**2 + 6 - 25*t**2. What are the prime factors of x(2)?
2
Let a = 25067 - 2591. List the prime factors of a.
2, 3, 1873
Let k(s) = 4*s**2 + 45*s + 16. Let j be k(-11). List the prime factors of (j/((-25)/474))/((-1)/5).
2, 3, 79
Let n(a) = -263*a + 1777. List the prime factors of n(-49).
2, 3, 13, 47
Suppose 4*q + g - 37 = 0, -2*g - 56 = 2*q - 7*q. Suppose q*i - 10438 = -7*i. List the prime factors of i.
2, 307
Suppose 0 = -5*r + 8*r + 6. Let y be (0 - 2) + (4 - (r - 1)). Suppose -52 = -y*g + 4*g. List the prime factors of g.
2, 13
Let v(q) = -88*q + 1. Let u be (2 + -2)*1 - 5. What are the prime factors of v(u)?
3, 7
Suppose -15 = -4*r + 3*k, 4*k = -3*r + 5*k + 15. Suppose -69 = 3*l - 186. Suppose -r*p + 3*p + 35 = 4*o, 5*o - l = p. What are the prime factors of o?
2
Let b = -44 + 788. Let h = b + 11. What are the prime factors of h?
5, 151
Suppose 0 = 5*u + 5*o - o + 987, 0 = -4*o + 8. Let x = 33 - u. List the prime factors of x.
2, 29
Let b(t) = 22*t**2 - 12*t - 79. List the prime factors of b(-16).
3, 5, 383
Let m be -42*(-3 - -1*(-40)/(-15)). What are the prime factors of 9*m*(-126)/(-36)?
3, 7
Suppose -181*i = -210*i + 214397. List the prime factors of i.
7393
Suppose -6*k = -18*k - 60. List the prime factors of (1259 - 3)*k/(-10).
2, 157
Let k(g) = g**2 - 23*g + 22. Let a be k(22). Suppose 3*c + 91 - 1126 = a. List the prime factors of c.
3, 5, 23
Suppose -5*p - 23 = -2*d, 0 = d - 0*d + p + 6. Let u(k) = -224*k - 6. What are the prime factors of u(d)?
2, 109
Let u(z) = z + 19. Suppose i = 5*g - 22, -2*g + 17 = i + 4. Let l(c) = -2*c**2 + 3*c - 5. Let h be l(i). What are the prime factors of u(h)?
5
Let y(q) = q**2 + 16*q + 534. List the prime factors of y(-60).
2, 3, 23
Suppose 3*d - 3*p = 237363, 172*d - 171*d - 5*p - 79105 = 0. What are the prime factors of d?
3, 5, 211
Suppose -46 = -5*m - 4*i, 0 = -2*i - 3 + 11. Suppose 249 = -m*j + 1203. List the prime factors of j.
3, 53
Let a = 30952 + 49246. List the prime factors of a.
2, 40099
Let k = 58 - -29. List the prime factors of ((k - -5)/2)/2.
23
Let n(i) = 46*i**3 - 11*i**2 + 6*i - 67. What are the prime factors of n(5)?
2, 2719
Let j(f) = -45*f - 187. Let z(n) = 15*n + 62. Let x(m) = -3*j(m) - 8*z(m). Let a be 10 - 1/2*-4. What are the prime factors of x(a)?
5, 7
Suppose 10*o = -4*k + 8*o + 65228, -4*k = 5*o - 65240. List the prime factors of k.
3, 5, 1087
Suppose 2*r - 2*k - 6 = 0, 0 - 2 = -2*k. Suppose -8 + r = 2*s. What are the prime factors of 2*6/3 + s?
2
Let q(g) = -723*g**2 + 4*g - 2. Let s be q(1). Let w = s - -1184. What are the prime factors of w?
463
Let f(x) = 1. Let y(h) = 2*h - 16. Let v(s) = 22*f(s) + 2*y(s). Let g be v(25). Let d = -78 + g. What are the prime factors of d?
2, 3
Suppose c - 5*d = 4*c - 47, -5 = -c + d. Let x be (2/6 - 3)*c/4. List the prime factors of (-2)/1 - (x + -124).
2
Let h(j) = j**3 + 7*j**2 + 4*j - 9. Let w be h(-6). Suppose -w*r - 4*m = 63, 3*r + m = -0*r - 72. Let x = r + 69. What are the prime factors of x?
2, 11
Suppose 5*w = -86*v + 87*v - 2302, 0 = -5*v - 4*w + 11481. What are the prime factors of v?
2297
Suppose 0 = 22*v - 117646 + 14048. What are the prime factors of v?
17, 277
Suppose 11*m + 5*t = 6*m + 20895, 3*m = 4*t + 12565. What are the prime factors of m?
47, 89
Let x = -2358 - -9485. What are the prime factors of x?
7127
Suppose -129 = -28*s + 683. Suppose s*y - 20900 = 18*y. List the prime factors of y.
2, 5, 19
Suppose -7*b + 4*b + 5*y + 1 = 0, 2*y - 2 = 0. Let s = 8 + -2. List the prime factors of (10/b)/(s/102).
5, 17
Suppose 2*f + 7 = -1. Let m = f - -8. Suppose -2*p = -t - 89, -9*p + 224 = -m*p - 4*t. What are the prime factors of p?
2, 11
Suppose z = 93*n - 98*n + 12105, -4*z + n = -48567. What are the prime factors of z?
2, 5, 607
Let r(k) = 2*k + 17. Let m be r(-5). Suppose m*p - 18 = -2*p. Suppose -4*d + 3*g = -616, 5*g = p*d - 327 + 19. List the prime factors of d.
2, 7, 11
Let q = -539 - 116. Let v = q - -1137. What are the prime factors of v?
2, 241
Suppose 20*j - 34*j + 217618 = 92*j. List the prime factors of j.
2053
Let p(n) be the second derivative of 15*n + 3/4*n**4 + 0 - 3*n**2 + 3/2*n**3 - 1/20*n**5. List the prime factors of p(9).
3, 5
Let v(r) = -2*r**3 - 26*r**2 - 18*r + 24. Let l be v(-15). Let h = -737 + l. What are the prime factors of h?
457
Let j(u) = -u + 13. Let p be j(14). Let h = -637 + 583. What are the prime factors of 30/(-10) + h/p?
3, 17
Let z(k) = k**3 - 6*k**2 + 4*k. Let p be z(1). What are the prime factors of 14/(-2) + (p - -811)?
11, 73
Suppose 0 = 57*n - 23*n + 102. List the prime factors of (1432 - -3) + 3*3/n.
2, 179
Let j(p) = 98*p**3 + 8*p**2 - 81*p + 414. What are the prime factors of j(6)?
2, 3, 11
Let f(v) = 135*v**2 + 57*v + 251. What are the prime factors of f(-4)?
37, 59
Suppose q - 3*w + 10 = -0*q, 8 = 2*w. Suppose -2*g = -2*n - 2766, -2*g + q*n = -3*n - 2772. What are the prime factors of g?
1381
Let s = 23032 + -21982. What are the prime factors of s?
2, 3, 5, 7
Let j(a) = a - 1. Let l(g) = 15*g + 2. Let t(x) = 2*j(x) + 2*l(x). What are the prime factors of t(12)?
2, 193
What are the prime factors of (-1498)/((3/18 - (-13)/(-6))/50)?
2, 5, 7, 107
Let w = 56 + -51. Suppose 6*a - 23 = -w. Suppose -a*u + g - 2*g = -572, 0 = -4*u + 5*g + 769. What are the prime factors of u?
191
List the prime factors of (-61)/183*-7*3*2863.
7, 409
Suppose 1129*z = 1139*z - 90. Let h = -1 + 5. Suppose -h*r = -z*r + 35. List the prime factors of r.
7
List the prime factors of 14/16*(-7434)/(-441)*856.
2, 59, 107
Let n = -1298 + 7714. What are the prime factors of n?
2, 401
Let b = 171 - 163. Suppose -3*l - 5*h = -71, -3*l - h = -b*l + 137. What are the prime factors of l?
3
Let l(n) be the second derivative of n**5/20 + n**4/2 + n**3/6 + 7*n**2/2 + 5*n - 10. Let b be 8/(-14) + 195/35. List the prime factors of l(b).
7, 41
Let q(t) = 3*t**3 - 19*t**2 + 4*t + 191. List the prime factors of q(16).
7, 1097
Suppose 0 = -3*n - 4*d + 2560, 5*n - 3*d - 4255 = 2*d. Suppose -11*p + 17*p - n = 0. List the prime factors of p.
2, 71
Let a be 109 + (-2 - 2) + 4. Let o(z) = 5*z**2 - 2*z + 2. Let u be o(-6). Let f = u - a. List the prime factors of f.
5, 17
Let d = -247 + 247. Suppose 39*m - 42*m + 1332 = d. What are the prime factors of m?
2, 3, 37
Let m be 14/((48/(-66))/(-4)). Suppose 2*r + 2*p = 74, 2*r = -p - 0*p + m. What are the prime factors of r?
2, 5
Let r = -353 - -355. Suppose b + r*h - 533 = 0, h + 2141 = 7*b - 3*b. List the prime factors of b.
5, 107
Let h(u) = -52*u + 232. Suppose 13*c - 39*c - 182 = 0. List the prime factors of h(c).
2, 149
Let s = -16 + 1. Let y be s/18*(-12)/(-2 - -4). Suppose -y*v = 3*r - 251, -5*v + 4*r + 84 = -153. List the prime factors of v.
7
Let n = -8733 + 15096. Suppose 11*c + n = 32*c. List the prime factors of c.
3, 101
Suppose -5*v = -3*m - 18, 0 = v + 4*v + 2*m - 38. Let b(k) = -5 + 0 + 4 + 4*k - 3*k + v*k**2. List the prime factors of b